lculate the remainder when 339 is divided by 23.
17
Calculate the remainder when 724 is divided by 26.
22
Calculate the remainder when 757 is divided by 40.
37
Calculate the remainder when 1017 is divided by 30.
27
Calculate the remainder when 205 is divided by 50.
5
Calculate the remainder when 38 is divided by 13.
12
What is the remainder when 492 is divided by 29?
28
What is the remainder when 10139 is divided by 65?
64
Calculate the remainder when 357 is divided by 5.
2
Calculate the remainder when 253 is divided by 52.
45
What is the remainder when 215 is divided by 72?
71
Calculate the remainder when 135 is divided by 78.
57
Calculate the remainder when 2483 is divided by 206.
11
What is the remainder when 45 is divided by 26?
19
What is the remainder when 323 is divided by 84?
71
Calculate the remainder when 107 is divided by 47.
13
Calculate the remainder when 275 is divided by 73.
56
Calculate the remainder when 301 is divided by 148.
5
What is the remainder when 97 is divided by 79?
18
Calculate the remainder when 780 is divided by 132.
120
Calculate the remainder when 2184 is divided by 62.
14
Calculate the remainder when 726 is divided by 17.
12
Calculate the remainder when 7387 is divided by 10.
7
What is the remainder when 25343 is divided by 37?
35
Calculate the remainder when 977 is divided by 84.
53
What is the remainder when 1336 is divided by 74?
4
What is the remainder when 255 is divided by 47?
20
What is the remainder when 35184 is divided by 482?
480
What is the remainder when 109 is divided by 41?
27
Calculate the remainder when 1240 is divided by 54.
52
What is the remainder when 279 is divided by 244?
35
What is the remainder when 1275 is divided by 34?
17
Calculate the remainder when 142 is divided by 13.
12
What is the remainder when 2527 is divided by 10?
7
What is the remainder when 5 is divided by 2?
1
Calculate the remainder when 8354 is divided by 239.
228
Calculate the remainder when 84 is divided by 8.
4
What is the remainder when 107 is divided by 6?
5
Calculate the remainder when 103 is divided by 32.
7
Calculate the remainder when 24917 is divided by 34.
29
What is the remainder when 49 is divided by 20?
9
What is the remainder when 568 is divided by 208?
152
Calculate the remainder when 309 is divided by 81.
66
What is the remainder when 129 is divided by 69?
60
Calculate the remainder when 1645 is divided by 67.
37
Calculate the remainder when 2160 is divided by 218.
198
What is the remainder when 273 is divided by 11?
9
Calculate the remainder when 395 is divided by 33.
32
Calculate the remainder when 55 is divided by 29.
26
Calculate the remainder when 72 is divided by 6.
0
What is the remainder when 299 is divided by 96?
11
What is the remainder when 53 is divided by 17?
2
Calculate the remainder when 35 is divided by 32.
3
Calculate the remainder when 31 is divided by 19.
12
What is the remainder when 295 is divided by 155?
140
Calculate the remainder when 6477 is divided by 60.
57
What is the remainder when 2159 is divided by 23?
20
What is the remainder when 4047 is divided by 150?
147
What is the remainder when 112 is divided by 23?
20
Calculate the remainder when 153 is divided by 41.
30
What is the remainder when 594 is divided by 23?
19
What is the remainder when 294 is divided by 8?
6
What is the remainder when 96 is divided by 76?
20
Calculate the remainder when 106 is divided by 24.
10
Calculate the remainder when 55 is divided by 14.
13
What is the remainder when 504 is divided by 56?
0
What is the remainder when 650 is divided by 164?
158
What is the remainder when 539 is divided by 113?
87
Calculate the remainder when 558 is divided by 289.
269
Calculate the remainder when 324 is divided by 166.
158
What is the remainder when 1393 is divided by 45?
43
Calculate the remainder when 1170 is divided by 53.
4
Calculate the remainder when 85 is divided by 11.
8
Calculate the remainder when 2778 is divided by 13.
9
Calculate the remainder when 148 is divided by 70.
8
What is the remainder when 623 is divided by 147?
35
What is the remainder when 205 is divided by 172?
33
Calculate the remainder when 4897 is divided by 1631.
4
What is the remainder when 118 is divided by 108?
10
Calculate the remainder when 994 is divided by 10.
4
What is the remainder when 362 is divided by 147?
68
Calculate the remainder when 272 is divided by 20.
12
Calculate the remainder when 507 is divided by 2.
1
What is the remainder when 1709 is divided by 107?
104
Calculate the remainder when 413 is divided by 39.
23
Calculate the remainder when 337 is divided by 84.
1
Calculate the remainder when 642 is divided by 198.
48
Calculate the remainder when 242 is divided by 51.
38
Calculate the remainder when 326 is divided by 173.
153
Calculate the remainder when 998 is divided by 100.
98
What is the remainder when 229 is divided by 118?
111
Calculate the remainder when 33 is divided by 6.
3
Calculate the remainder when 23 is divided by 4.
3
Calculate the remainder when 183 is divided by 105.
78
What is the remainder when 13701 is divided by 3?
0
Calculate the remainder when 2367 is divided by 79.
76
Calculate the remainder when 934 is divided by 58.
6
Calculate the remainder when 522 is divided by 7.
4
Calculate the remainder when 1372 is divided by 229.
227
What is the remainder when 268 is divided by 34?
30
What is the remainder when 1676 is divided by 833?
10
Calculate the remainder when 1029 is divided by 47.
42
What is the remainder when 148 is divided by 59?
30
Calculate the remainder when 92 is divided by 5.
2
What is the remainder when 38 is divided by 17?
4
What is the remainder when 1657 is divided by 823?
11
Calculate the remainder when 470 is divided by 43.
40
What is the remainder when 809 is divided by 27?
26
Calculate the remainder when 196 is divided by 66.
64
Calculate the remainder when 1705 is divided by 3.
1
Calculate the remainder when 108 is divided by 90.
18
What is the remainder when 907 is divided by 48?
43
What is the remainder when 1504 is divided by 233?
106
What is the remainder when 95 is divided by 9?
5
Calculate the remainder when 143 is divided by 51.
41
Calculate the remainder when 7681 is divided by 39.
37
What is the remainder when 598 is divided by 16?
6
Calculate the remainder when 1372 is divided by 25.
22
What is the remainder when 411 is divided by 155?
101
Calculate the remainder when 873 is divided by 12.
9
What is the remainder when 513 is divided by 65?
58
Calculate the remainder when 512 is divided by 18.
8
What is the remainder when 163 is divided by 51?
10
What is the remainder when 1353 is divided by 272?
265
What is the remainder when 189 is divided by 99?
90
What is the remainder when 609 is divided by 13?
11
Calculate the remainder when 1913 is divided by 306.
77
What is the remainder when 127 is divided by 26?
23
What is the remainder when 212 is divided by 198?
14
Calculate the remainder when 1264 is divided by 91.
81
What is the remainder when 7 is divided by 6?
1
Calculate the remainder when 150 is divided by 20.
10
What is the remainder when 3184 is divided by 778?
72
What is the remainder when 76 is divided by 6?
4
What is the remainder when 207 is divided by 89?
29
Calculate the remainder when 359 is divided by 71.
4
Calculate the remainder when 190 is divided by 32.
30
What is the remainder when 80 is divided by 5?
0
Calculate the remainder when 1215 is divided by 397.
24
What is the remainder when 1931 is divided by 16?
11
Calculate the remainder when 830 is divided by 3.
2
Calculate the remainder when 199 is divided by 64.
7
Calculate the remainder when 2222 is divided by 147.
17
Calculate the remainder when 512 is divided by 86.
82
What is the remainder when 1631 is divided by 808?
15
What is the remainder when 320 is divided by 30?
20
Calculate the remainder when 3598 is divided by 20.
18
Calculate the remainder when 3792 is divided by 14.
12
What is the remainder when 514 is divided by 5?
4
What is the remainder when 961 is divided by 37?
36
What is the remainder when 110 is divided by 71?
39
What is the remainder when 631 is divided by 196?
43
What is the remainder when 1173 is divided by 147?
144
What is the remainder when 237 is divided by 59?
1
What 